{"id":6,"date":"2014-06-17T07:49:35","date_gmt":"2014-06-17T07:49:35","guid":{"rendered":"https:\/\/amkb.lt\/?page_id=6"},"modified":"2025-09-02T06:04:26","modified_gmt":"2025-09-02T06:04:26","slug":"apie-mus","status":"publish","type":"page","link":"https:\/\/amkb.lt\/","title":{"rendered":"Apie Mus"},"content":{"rendered":"<p>Siek\u012f pl\u0117toti versl\u0105 visada turi lyd\u0117ti tinkamos komandos pasirinkimas. Finansini\u0173 ataskait\u0173 audito ir kitas u\u017etikrinimo paslaugas bei finansin\u0117s apskaitos paslaugas teikianti \u012fmon\u0117 neabejotinai yra s\u0117kmingo ir pelningo verslo partneris. M\u016bs\u0173 klientai apskait\u0105 vertina ne kaip papildomas \u012fmon\u0117s s\u0105naudas, o kaip vien\u0105 pagrindini\u0173 verslo sudedam\u0173j\u0173 dali\u0173.<\/p>\n<p><strong>UAB \u201eAudito ir apskaitos biuras\u201c<\/strong> buvo \u012fkurtas 2003 met\u0173 rugs\u0117jo 22 dien\u0105, taigi daugiau kaip 10 met\u0173 klientai pasitiki ir naudojasi biuro paslaugomis. Iki 2021 m. liepos m\u0117n. \u012fmon\u0117s pavadinimas buvo <strong>UAB \u201eAudito ir mokes\u010di\u0173 konsultacij\u0173 biuras\u201c.<\/strong><\/p>\n<p>\u012emon\u0117s pagrindin\u0117 veikla \u2013 finansini\u0173 ataskait\u0173 auditas ir kitos u\u017etikrinimo paslaugos, finansin\u0117s apskaitos tvarkymas ir konsultavimas apskaitos tvarkymo klausimais. \u012emon\u0117je dirba auk\u0161\u010diausios kvalifikacijos auditoriai ir apskait\u0105 tvarkantys asmenys. Be to, bendrov\u0117 \u012ftraukta \u012f \u012fmoni\u0173, kurios gali atlikti finansini\u0173 ataskait\u0173 audito ir kit\u0173 u\u017etikrinimo paslaugas, s\u0105ra\u0161\u0105.<\/p>\n","protected":false},"excerpt":{"rendered":"<p>Siek\u012f pl\u0117toti versl\u0105 visada turi lyd\u0117ti tinkamos komandos pasirinkimas. Finansini\u0173 ataskait\u0173 audito ir kitas u\u017etikrinimo paslaugas bei finansin\u0117s apskaitos paslaugas teikianti \u012fmon\u0117 neabejotinai yra s\u0117kmingo ir pelningo verslo partneris. M\u016bs\u0173 klientai apskait\u0105 vertina ne kaip papildomas \u012fmon\u0117s s\u0105naudas, o kaip vien\u0105 pagrindini\u0173 verslo sudedam\u0173j\u0173 dali\u0173. UAB \u201eAudito ir apskaitos biuras\u201c &#8230;<\/p>\n","protected":false},"author":1,"featured_media":0,"parent":0,"menu_order":0,"comment_status":"closed","ping_status":"open","template":"","meta":{"footnotes":""},"class_list":["post-6","page","type-page","status-publish","hentry","column","twocol"],"_links":{"self":[{"href":"https:\/\/amkb.lt\/index.php?rest_route=\/wp\/v2\/pages\/6","targetHints":{"allow":["GET"]}}],"collection":[{"href":"https:\/\/amkb.lt\/index.php?rest_route=\/wp\/v2\/pages"}],"about":[{"href":"https:\/\/amkb.lt\/index.php?rest_route=\/wp\/v2\/types\/page"}],"author":[{"embeddable":true,"href":"https:\/\/amkb.lt\/index.php?rest_route=\/wp\/v2\/users\/1"}],"replies":[{"embeddable":true,"href":"https:\/\/amkb.lt\/index.php?rest_route=%2Fwp%2Fv2%2Fcomments&post=6"}],"version-history":[{"count":14,"href":"https:\/\/amkb.lt\/index.php?rest_route=\/wp\/v2\/pages\/6\/revisions"}],"predecessor-version":[{"id":269,"href":"https:\/\/amkb.lt\/index.php?rest_route=\/wp\/v2\/pages\/6\/revisions\/269"}],"wp:attachment":[{"href":"https:\/\/amkb.lt\/index.php?rest_route=%2Fwp%2Fv2%2Fmedia&parent=6"}],"curies":[{"name":"wp","href":"https:\/\/api.w.org\/{rel}","templated":true}]}}